tors of 646.
2, 17, 19
What are the prime factors of 35609?
7, 5087
What are the prime factors of 5799?
3, 1933
What are the prime factors of 587?
587
What are the prime factors of 2419?
41, 59
What are the prime factors of 12565?
5, 7, 359
What are the prime factors of 13613?
13613
List the prime factors of 9016.
2, 7, 23
What are the prime factors of 2778?
2, 3, 463
What are the prime factors of 5485?
5, 1097
List the prime factors of 81.
3
What are the prime factors of 16096?
2, 503
What are the prime factors of 2346?
2, 3, 17, 23
What are the prime factors of 125004?
2, 3, 11, 947
What are the prime factors of 53065?
5, 10613
List the prime factors of 4762.
2, 2381
What are the prime factors of 157?
157
What are the prime factors of 4058?
2, 2029
What are the prime factors of 1379?
7, 197
What are the prime factors of 3551?
53, 67
What are the prime factors of 5738?
2, 19, 151
What are the prime factors of 34677?
3, 3853
What are the prime factors of 7858?
2, 3929
What are the prime factors of 925?
5, 37
What are the prime factors of 5199?
3, 1733
What are the prime factors of 2253?
3, 751
What are the prime factors of 16291?
11, 1481
What are the prime factors of 82697?
41, 2017
List the prime factors of 6732.
2, 3, 11, 17
List the prime factors of 1665.
3, 5, 37
List the prime factors of 24680.
2, 5, 617
What are the prime factors of 524?
2, 131
List the prime factors of 1334.
2, 23, 29
List the prime factors of 9222.
2, 3, 29, 53
List the prime factors of 4019.
4019
What are the prime factors of 5294?
2, 2647
List the prime factors of 3370.
2, 5, 337
What are the prime factors of 1370?
2, 5, 137
What are the prime factors of 10939?
10939
List the prime factors of 15769.
13, 1213
List the prime factors of 10637.
11, 967
What are the prime factors of 611?
13, 47
List the prime factors of 5919.
3, 1973
List the prime factors of 956.
2, 239
What are the prime factors of 13362?
2, 3, 17, 131
What are the prime factors of 29674?
2, 37, 401
What are the prime factors of 14350?
2, 5, 7, 41
List the prime factors of 42967.
42967
List the prime factors of 1306.
2, 653
What are the prime factors of 1440?
2, 3, 5
List the prime factors of 5147.
5147
List the prime factors of 101990.
2, 5, 7, 31, 47
List the prime factors of 21958.
2, 10979
List the prime factors of 24673.
11, 2243
List the prime factors of 50735.
5, 73, 139
List the prime factors of 1500.
2, 3, 5
List the prime factors of 3311.
7, 11, 43
List the prime factors of 5411.
7, 773
What are the prime factors of 2070?
2, 3, 5, 23
What are the prime factors of 23966?
2, 23, 521
List the prime factors of 26615.
5, 5323
What are the prime factors of 87468?
2, 3, 37, 197
What are the prime factors of 74031?
3, 24677
List the prime factors of 3688.
2, 461
What are the prime factors of 590?
2, 5, 59
What are the prime factors of 6580?
2, 5, 7, 47
List the prime factors of 2229.
3, 743
What are the prime factors of 33786?
2, 3, 1877
What are the prime factors of 135790?
2, 5, 37, 367
What are the prime factors of 66060?
2, 3, 5, 367
List the prime factors of 641.
641
What are the prime factors of 6242?
2, 3121
What are the prime factors of 683?
683
What are the prime factors of 8858?
2, 43, 103
What are the prime factors of 1191?
3, 397
What are the prime factors of 416?
2, 13
List the prime factors of 101008.
2, 59, 107
What are the prime factors of 18544?
2, 19, 61
List the prime factors of 2791.
2791
List the prime factors of 1952.
2, 61
What are the prime factors of 1921?
17, 113
List the prime factors of 7762.
2, 3881
List the prime factors of 174130.
2, 5, 11, 1583
What are the prime factors of 6117?
3, 2039
What are the prime factors of 15164?
2, 17, 223
What are the prime factors of 1774?
2, 887
List the prime factors of 29970.
2, 3, 5, 37
List the prime factors of 85220.
2, 5, 4261
List the prime factors of 253.
11, 23
What are the prime factors of 1717?
17, 101
What are the prime factors of 5313?
3, 7, 11, 23
List the prime factors of 208.
2, 13
What are the prime factors of 16209?
3, 1801
What are the prime factors of 83157?
3, 53, 523
What are the prime factors of 499?
499
List the prime factors of 1028.
2, 257
List the prime factors of 36658.
2, 18329
What are the prime factors of 611?
13, 47
What are the prime factors of 516?
2, 3, 43
List the prime factors of 13512.
2, 3, 563
What are the prime factors of 53569?
53569
List the prime factors of 22262.
2, 11131
What are the prime factors of 84082?
2, 17, 2473
What are the prime factors of 13110?
2, 3, 5, 19, 23
What are the prime factors of 5162?
2, 29, 89
What are the prime factors of 859?
859
List the prime factors of 700.
2, 5, 7
List the prime factors of 894.
2, 3, 149
What are the prime factors of 3274?
2, 1637
List the prime factors of 31818.
2, 3, 5303
What are the prime factors of 592?
2, 37
List the prime factors of 211.
211
List the prime factors of 491.
491
List the prime factors of 58308.
2, 3, 43, 113
List the prime factors of 730.
2, 5, 73
List the prime factors of 444.
2, 3, 37
List the prime factors of 20831.
37, 563
What are the prime factors of 1505?
5, 7, 43
What are the prime factors of 300?
2, 3, 5
What are the prime factors of 5327?
7, 761
List the prime factors of 4042.
2, 43, 47
What are the prime factors of 103522?
2, 191, 271
List the prime factors of 758.
2, 379
What are the prime factors of 52104?
2, 3, 13, 167
List the prime factors of 18746.
2, 7, 13, 103
List the prime factors of 11644.
2, 41, 71
What are the prime factors of 72193?
11, 6563
List the prime factors of 336.
2, 3, 7
What are the prime factors of 3942?
2, 3, 73
What are the prime factors of 8480?
2, 5, 53
What are the prime factors of 2346?
2, 3, 17, 23
What are the prime factors of 3757?
13, 17
List the prime factors of 13566.
2, 3, 7, 17, 19
What are the prime factors of 2072?
2, 7, 37
List the prime factors of 565.
5, 113
List the prime factors of 1273.
19, 67
List the prime factors of 16166.
2, 59, 137
List the prime factors of 12.
2, 3
What are the prime factors of 114248?
2, 14281
What are the prime factors of 6899?
6899
What are the prime factors of 12041?
12041
What are the prime factors of 578?
2, 17
What are the prime factors of 7310?
2, 5, 17, 43
List the prime factors of 2898.
2, 3, 7, 23
List the prime factors of 13.
13
What are the prime factors of 1204?
2, 7, 43
List the prime factors of 43935.
3, 5, 29, 101
What are the prime factors of 65?
5, 13
What are the prime factors of 1447?
1447
What are the prime factors of 873?
3, 97
What are the prime factors of 69893?
37, 1889
List the prime factors of 1021.
1021
List the prime factors of 1391.
13, 107
List the prime factors of 22401.
3, 19, 131
What are the prime factors of 12094?
2, 6047
What are the prime factors of 27435?
3, 5, 31, 59
List the prime factors of 13103.
13103
What are the prime factors of 6209?
7, 887
What are the prime factors of 6635?
5, 1327
List the prime factors of 8089.
8089
List the prime factors of 64576.
2, 1009
List the prime factors of 49416.
2, 3, 29, 71
What are the prime factors of 299?
13, 23
List the prime factors of 337.
337
What are the prime factors of 118294?
2, 11, 19, 283
List the prime factors of 206825.
5, 8273
What are the prime factors of 19804?
2, 4951
List the prime factors of 2973.
3, 991
What are the prime factors of 14422?
2, 7211
What are the prime factors of 161?
7, 23
What are the prime factors of 4853?
23, 211
What are the prime factors of 6669?
3, 13, 19
List the prime factors of 337.
337
What are the prime factors of 1949?
1949
What are the prime factors of 56?
2, 7
What are the prime factors of 5894?
2, 7, 421
List the prime factors of 31212.
2, 3, 17
List the prime factors of 14298.
2, 3, 2383
List the prime factors of 4690.
2, 5, 7, 67
What are the prime factors of 18130?
2, 5, 7, 37
List the prime factors of 11355.
3, 5, 757
List the prime factors of 6908.
2, 11, 157
List the prime factors of 1547.
7, 13, 17
List the prime factors of 2370.
2, 3, 5, 79
List the prime factors of 813.
3, 271
List the prime factors of 57494.
2, 17, 19, 89
List the prime factors of 734.
2, 367
What are the prime factors of 5952?
2, 3, 31
List the prime factors of 1103.
1103
List the prime factors of 10063.
29, 347
What are the prime fact